te q(-4).
9
Let a(n) = 3*n**2 + 2*n + 1. What is a(-2)?
9
Let h(c) = -16*c + 284. Determine h(18).
-4
Let f(p) = p**2 + 5. What is f(-6)?
41
Let t(x) = x**3 - 21*x**2 + 56*x - 22. Calculate t(18).
14
Let p(a) = a**2 + 17*a + 59. Calculate p(-12).
-1
Let m(b) = -b**2 - 6*b + 7. Give m(-9).
-20
Let s(h) = 2*h - 3. Give s(9).
15
Let g(x) = x**3 + 3*x**2 - 10. Determine g(2).
10
Let c(y) = y**3 - 10*y**2 + y + 15. What is c(10)?
25
Let i(k) = -k**3 - 8*k**2 - 28*k - 129. Give i(-6).
-33
Let y(h) = -h**3 - 5*h**2 - 3*h. Give y(-3).
-9
Let v(u) = 2*u**2 + 23*u + 23. Give v(-10).
-7
Let t(w) = 7*w - 71. What is t(11)?
6
Let w(t) = 2*t - 2. Give w(8).
14
Let b(w) = -2*w**3 - 9*w**2 - 5*w + 1. What is b(-4)?
5
Let i(u) = u**2 + 20*u - 44. Calculate i(-19).
-63
Let g(w) = 12*w**2 + 2*w + 1. Give g(-1).
11
Let a(r) = r**3 - 6*r**2 + 8*r - 16. Determine a(4).
-16
Let q(t) = t**2 - 25*t + 109. What is q(15)?
-41
Let d(p) = -p**3 - p**2 - 9*p + 14. Give d(2).
-16
Let x(l) = l**2 + 14*l + 2. Calculate x(-11).
-31
Let v(d) = -12*d - 4. What is v(7)?
-88
Let y(q) = q**3 - 16*q**2 + 6. What is y(16)?
6
Let m(v) = 20*v - 243. Determine m(13).
17
Let j(y) = -y + 26. Determine j(22).
4
Let p(x) = -2*x + 69. Give p(16).
37
Let j(n) = 2*n**2 + 6*n + 7. Determine j(-3).
7
Let g(l) = -11*l + 229. What is g(20)?
9
Let f(y) = 2*y - 41. What is f(19)?
-3
Let t(w) = -2*w**2 + 19*w - 6. Calculate t(10).
-16
Let n(j) = -2*j**3 + 14*j**2 - 2*j + 12. Calculate n(7).
-2
Let z(u) = -2*u**2 + 4. Calculate z(-2).
-4
Let c(z) = -3*z + 1. Give c(-6).
19
Let i(p) = -2*p**2 - p + 1. Give i(-4).
-27
Let f(m) = -36*m + 226. Calculate f(6).
10
Let c(x) = -x**2 - 8*x - 35. Give c(-8).
-35
Let o(s) = s**3 - 4*s**2 + s + 10. Calculate o(4).
14
Let w(t) = t**2 + 2*t - 5. Determine w(0).
-5
Let c(z) = -z**2 + 15*z + 19. Determine c(16).
3
Let g(z) = -z**2 + 8*z + 9. Determine g(8).
9
Let x(a) = a**3 - 5*a**2 - 14*a + 23. Determine x(6).
-25
Let m(p) = 39*p**2 - 4*p + 3. Give m(1).
38
Let z(c) = c**2 - 8*c - 14. What is z(5)?
-29
Let a(c) = -3*c**3 + 19*c**2 + 2*c - 9. What is a(6)?
39
Let a(g) = -g**2 + 24*g - 16. What is a(24)?
-16
Let v(h) = 5*h - 39. Determine v(12).
21
Let v(n) = n**2 - 15*n - 16. Determine v(16).
0
Let z(x) = -x**2 - 17*x - 15. What is z(-16)?
1
Let r(s) = s**2 - 6*s - 18. Give r(9).
9
Let s(b) = -31*b**3 - b**2 - b + 2. Give s(1).
-31
Let j(o) = -2*o**2 + 38*o + 6. What is j(19)?
6
Let f(i) = 15*i - 2. What is f(1)?
13
Let o(v) = -v**3 - 2*v**2 + 8*v - 9. Determine o(3).
-30
Let p(z) = z**3 + z**2 - 5*z - 3. What is p(-3)?
-6
Let n(o) = o - 52. Give n(0).
-52
Let s(q) = q**2 + 8*q - 15. What is s(-9)?
-6
Let u(w) = 2*w + 69. Calculate u(-36).
-3
Let d(l) = l**3 - 33*l**2 - 4*l + 114. What is d(33)?
-18
Let c(x) = -x + 5. Give c(-6).
11
Let x(h) = 19*h + 119. Calculate x(-6).
5
Let d(v) = -6*v - 12. What is d(-4)?
12
Let w(l) = 5*l**2. Determine w(1).
5
Let w(u) = -57*u - 3. Calculate w(1).
-60
Let d(o) = -2*o - 14. Determine d(-9).
4
Let y(c) = c**2 + 8*c + 5. Calculate y(-8).
5
Let w(n) = -21*n + 12. Give w(-2).
54
Let i(y) = -y**2 - 20*y - 24. Give i(-20).
-24
Let m(k) = -k**2 + 16*k - 38. Give m(13).
1
Let r(m) = m**2 + 8*m + 7. Determine r(-3).
-8
Let q(t) = -34*t + 121. Give q(4).
-15
Let r(v) = -10*v - 401. Calculate r(-39).
-11
Let x(a) = -2*a + 9. What is x(4)?
1
Let f(s) = -70*s - 1254. Calculate f(-18).
6
Let z(h) = -58*h - 21. Determine z(-2).
95
Let u(b) = 120*b - 2157. Calculate u(18).
3
Let l(u) = 7*u + 9. Determine l(6).
51
Let b(f) = 2*f**2 + 15*f + 21. Give b(-2).
-1
Let p(g) = -5*g + 3. Determine p(-3).
18
Let j(h) = -6*h + 3. Calculate j(-7).
45
Let d(s) = s**3 + 12*s**2 + 20*s + 21. Give d(-11).
-78
Let i(s) = 3*s - 8. Give i(12).
28
Let u(d) = 15*d**3 - 2*d**2 - d + 1. What is u(2)?
111
Let r(h) = 3*h**2 + 43*h + 19. What is r(-14)?
5
Let w(p) = -7*p**3 - 2*p**2 - 3*p - 2. Give w(-2).
52
Let h(n) = n + 16. Calculate h(-17).
-1
Let g(q) = q**3 - 22*q**2 + 35*q + 103. Calculate g(20).
3
Let i(d) = -d**3 - 8*d**2 + d - 7. Give i(-8).
-15
Let x(j) = 4*j + 2. Give x(4).
18
Let z(p) = p**3 + 14*p**2 - 6*p - 17. Calculate z(-14).
67
Let j(r) = r**2 - 16*r + 26. Calculate j(14).
-2
Let d(a) = a - 50. Determine d(0).
-50
Let w(v) = 9*v**3 + v. Calculate w(-1).
-10
Let c(z) = 10*z - 50. What is c(0)?
-50
Let j(b) = -6*b + 10. Give j(3).
-8
Let a(n) = n + 2. Determine a(-4).
-2
Let j(w) = -10*w**2 - 1. Give j(1).
-11
Let x(b) = 4*b - 10. What is x(7)?
18
Let w(b) = 2*b**2 + 3*b + 4. Calculate w(-2).
6
Let w(r) = -21*r + 3. Give w(-4).
87
Let l(d) = -3*d + 6. Calculate l(4).
-6
Let u(j) = -2*j - 1. Give u(-8).
15
Let f(d) = -d**3 + 4*d**2 - d - 9. Give f(4).
-13
Let b(i) = 5*i**2 - 2*i + 1. Determine b(-3).
52
Let h(q) = -4*q + 18. Calculate h(8).
-14
Let f(l) = -29*l - 141. What is f(-5)?
4
Let a(y) = -3*y + 1. Calculate a(-5).
16
Let a(j) = 9*j + 91. Give a(-10).
1
Let p(h) = -h**3 + 5*h**2 + 12*h + 11. Determine p(7).
-3
Let i(k) = -4*k**3 + k**2 + 3*k + 2. Determine i(-2).
32
Let f(g) = 13*g - 93. Determine f(7).
-2
Let d(k) = k**3 - 7*k**2 + 8*k - 17. What is d(7)?
39
Let d(z) = -8*z - 174. Give d(-25).
26
Let u(s) = 3*s - 11. Give u(-8).
-35
Let k(n) = -6*n + 196. Give k(32).
4
Let v(t) = -3*t + 1. Give v(-5).
16
Let y(q) = q**2 + 11*q - 13. Give y(-9).
-31
Let m(r) = -r**2 + 3*r + 3. What is m(3)?
3
Let z(n) = n**3 - 8*n**2 + 8*n - 3. Determine z(7).
4
Let j(s) = 3*s - 46. Calculate j(12).
-10
Let s(u) = -u**2 - 2*u - 16. Give s(0).
-16
Let f(i) = -3*i**2 + 25*i + 30. What is f(10)?
-20
Let m(n) = 2*n**2 + 9*n - 3. Determine m(-5).
2
Let t(g) = g**2 + 22*g + 12. Calculate t(-26).
116
Let g(v) = 14*v. Calculate g(-4).
-56
Let u(g) = g**2 - 11*g - 1. Determine u(10).
-11
Let t(l) = -l**2 + 3*l - 3. Determine t(3).
-3
Let s(h) = -2*h**3 - 13*h**2 - 8*h - 2. Calculate s(-6).
10
Let y(f) = 2*f**2 - 17*f - 18. Calculate y(9).
-9
Let c(u) = 2*u**2 - 28*u - 8. Give c(14).
-8
Let i(u) = u**2 - 2*u - 6. Give i(-7).
57
Let o(k) = 5*k**2 - 6. What is o(-1)?
-1
Let m(y) = -y**2 + 6*y - 20. Give m(8).
-36
Let j(w) = 6*w - 6. Determine j(-5).
-36
Let z(g) = g**3 + 4*g**2 - 4*g - 3. What is z(-3)?
18
Let z(y) = 7*y + 4. What is z(-3)?
-17
Let h(v) = v**3 - 10*v**2 + 29*v + 7. Calculate h(6).
37
Let i(w) = 3*w - 11. Calculate i(-5).
-26
Let g(w) = -w**3 - 8*w**2 - 14*w + 1. What is g(-6)?
13
Let b(l) = l**2 - 6*l + 3. Give b(4).
-5
Let n(a) = 6*a - 92. Determine n(19).
22
Let n(r) = r**3 - r**2 - 1. Determine n(2).
3
Let f(m) = -m**3 - 7*m**2 - 4*m + 8. Determine f(-6).
-4
Let f(h) = h**3 + 14*h**2 - 21*h - 94. Calculate f(-15).
-4
Let k(m) = -18*m**2 - 8*m. Give k(-1).
-10
Let z(m) = m**3 + 6*m**2 - 4*m + 5. What is z(-5)?
50
Let n(l) = -l**3 + 23*l**2 + 48*l + 55. Give n(25).
5
Let b(n) = n - 1. What is b(-6)?
-7
Let p(t) = -2*t**3 + 10*t**2 + 16*t - 18. Calculate p(6).
6
Let a(c) = 9*c + 17. Give a(-11).
-82
Let k(n) = -16*n - 4. What is k(-4)?
60
Let h(c) = 12*c. What is h(-4)?
-48
Let v(y) = -y**3 - 8*y**2 + 2*y + 8. Determine v(-8).
-8
Let a(v) = -9*v**2 - 7*v - 8. What is a(-4)?
-124
Let t(y) = -20*y - 4. Give t(4).
-84
Let l(n) = n**2 - 38*n + 302. Give l(11).
5
Let l(r) = 130*r + 526. Calculate l(-4).
6
Let q(d) = -d**3 + 2*d**2 - 2*d + 7. What is q(5)?
-78
Let d(n) = -n**3 + 5*n**2 - 2*n - 1. What is d(2)?
7
Let j(k) = 15*k - 10. Calculate j(-3).
-55
Let f(n) = -27*n + 22. Determine f(3).
-59
Let w(x) = -x**2 - 12*x - 38. Calculate w(-13).
-51
Let o(r) = -2*r**2 + 19*r + 19. Calculate o(10).
9
Let k(b) = b**3 - b**2 + 2*b + 7. What is k(0)?
7
Let f(d) = -d**3 - 4*d**2 - d + 4. What is f(-4)?
8
Let c(o) = o**3 + 2*o**2 - o + 9. What is c(-4)?
-19
Let a(t) = -t**3 - 2*t**2 + 3*t + 6. Determine a(-3).
6
Let h(u) = u**2 + 8*u - 6. Calculate h(-7).
-13
Let a(c) = 3*c + 4. Determine a(2).
10
Let v(m) = m**2 - 4*m - 4. Calculate v(-3).
17
Let u(q) = 7*q**3 - q + 1. Determine u(1).
7
Let p(q) = 2*q. Determine p(1).
2
Let k(t) = t**2 - 6*t + 12. Calculate k(5).
7
Let t(x) = x**3 - 4*x**2 - 5*x + 6. Determine t(4).
-14
Let w(x) = 3*x**2 + 4. Determine w(3).
31
Let i(p) = -4*p**2 - 42*p + 25. Give i(-11).
3
Let p(n) = n**3 - 5*n**2 - 10*n + 53. Calculate p(3).
5
Let x(f) = -f**3 + 9*f**2 + 3*f - 24. Calculate x(8).
64
Let j(y) = y**3 - 35*y**2 + 2*y - 87. Give j(35)